{"id":378,"date":"2014-09-17T07:46:15","date_gmt":"2014-09-17T07:46:15","guid":{"rendered":"http:\/\/gabmap.let.rug.nl\/?page_id=378"},"modified":"2018-05-28T17:13:50","modified_gmt":"2018-05-28T15:13:50","slug":"how-to-cite-gabmap","status":"publish","type":"page","link":"https:\/\/gabmap.let.rug.nl\/?page_id=378","title":{"rendered":""},"content":{"rendered":"<p><strong>How do I cite Gabmap?<\/strong><\/p>\n<p>John Nerbonne, Rinke Colen, Charlotte Gooskens, Peter Kleiweg, and Therese Leinonen (2011). <a href=\"http:\/\/gabmap.let.rug.nl\/wp-content\/uploads\/2011\/05\/Gabmap-long-2011-jan-07-rev-mei.pdf\" target=\"_blank\">Gabmap \u2014 A Web Application for Dialectology<\/a>. Dialectologia Special Issue II.<\/p>\n<p>and\/or\n<\/p>\n<p> Therese Leinonen, \u00c7a\u011fr\u0131 \u00c7\u00f6ltekin and John Nerbonne (2016) <a href=\"http:\/\/doi.org\/10.1016\/j.lingua.2015.02.004\">Using Gabmap<\/a>. Lingua, 178:71\u201383<\/p>\n","protected":false},"excerpt":{"rendered":"<p>How do I cite Gabmap? John Nerbonne, Rinke Colen, Charlotte Gooskens, Peter Kleiweg, and Therese Leinonen (2011). Gabmap \u2014 A Web Application for Dialectology. Dialectologia Special Issue II. and\/or Therese Leinonen, \u00c7a\u011fr\u0131 \u00c7\u00f6ltekin and John Nerbonne (2016) Using Gabmap. Lingua, &hellip; <a href=\"https:\/\/gabmap.let.rug.nl\/?page_id=378\">Continue reading <span class=\"meta-nav\">&rarr;<\/span><\/a><\/p>\n","protected":false},"author":1,"featured_media":0,"parent":0,"menu_order":0,"comment_status":"closed","ping_status":"closed","template":"","meta":{"footnotes":""},"class_list":["post-378","page","type-page","status-publish","hentry"],"_links":{"self":[{"href":"https:\/\/gabmap.let.rug.nl\/index.php?rest_route=\/wp\/v2\/pages\/378","targetHints":{"allow":["GET"]}}],"collection":[{"href":"https:\/\/gabmap.let.rug.nl\/index.php?rest_route=\/wp\/v2\/pages"}],"about":[{"href":"https:\/\/gabmap.let.rug.nl\/index.php?rest_route=\/wp\/v2\/types\/page"}],"author":[{"embeddable":true,"href":"https:\/\/gabmap.let.rug.nl\/index.php?rest_route=\/wp\/v2\/users\/1"}],"replies":[{"embeddable":true,"href":"https:\/\/gabmap.let.rug.nl\/index.php?rest_route=%2Fwp%2Fv2%2Fcomments&post=378"}],"version-history":[{"count":1,"href":"https:\/\/gabmap.let.rug.nl\/index.php?rest_route=\/wp\/v2\/pages\/378\/revisions"}],"predecessor-version":[{"id":395,"href":"https:\/\/gabmap.let.rug.nl\/index.php?rest_route=\/wp\/v2\/pages\/378\/revisions\/395"}],"wp:attachment":[{"href":"https:\/\/gabmap.let.rug.nl\/index.php?rest_route=%2Fwp%2Fv2%2Fmedia&parent=378"}],"curies":[{"name":"wp","href":"https:\/\/api.w.org\/{rel}","templated":true}]}}